8). What is the greatest common factor of 424 and w?
8
Let u be (6/7)/(-1 + 60/56). Let x(w) = w**2 - 6*w + 2. Let b be x(5). Let h be (2 + -1)/(b/(-252)). What is the greatest common divisor of u and h?
12
Suppose 3*t - 120 = -b, 6*t - 5*t + 212 = 2*b. Calculate the highest common divisor of 189 and b.
27
Suppose -30*l = -71*l + 1312. What is the highest common divisor of 408 and l?
8
Suppose 45*t = -30*t + 3*t + 144. Let d be -1*(-1)/2*44. Calculate the highest common factor of d and t.
2
Suppose z + 2*y - 1 = -3*y, 0 = 5*z + 2*y - 74. Suppose 5 = -g, -i + 3*i - 2*g - 26 = 0. What is the greatest common divisor of z and i?
8
Let j(x) = -x**2 - 3*x + 3. Let l = -22 - -16. Let g be (9/(-6))/(l/(-12)). Let u be j(g). Calculate the highest common factor of 21 and u.
3
Let z(h) = 4*h**2. Let a be z(3). Suppose -17 = -r + 9*m - 10*m, -4*r = m - 71. Calculate the highest common factor of a and r.
18
Let s = 77 + -69. Suppose s*l = -5*l + 286. What is the greatest common factor of 11 and l?
11
Let l(s) = 390*s**2 - 11*s + 8. Let v be l(1). Calculate the highest common factor of v and 18.
9
Let j = 1642 - 1622. Suppose 32 - 2 = 3*c + 3*t, 2*c = 3*t + 20. Calculate the greatest common divisor of j and c.
10
Let t be (-4)/10 - 4/(-10). Suppose -3*v - v + 272 = t. Suppose 59*u - 56*u = 51. What is the highest common divisor of v and u?
17
Let c(l) = -2*l - 16. Let p be c(-12). What is the greatest common divisor of 632 and p?
8
Suppose 0 = 42*m - 1510 - 2858. What is the highest common divisor of 24 and m?
8
Suppose 2*j + 2*j - 124 = 0. Suppose f - 38 = -f - 2*n, j = f - 3*n. What is the highest common factor of f and 242?
22
Suppose -39*p + 38*p + 97 = 0. Suppose -f = 4*x - 268, 3*f + 187 = 4*x - p. Calculate the highest common factor of x and 51.
17
Let f = -51 - -246. Suppose -x = 3*x + 3*o - f, 246 = 5*x + 3*o. Suppose 201 = 3*l + 150. What is the highest common factor of x and l?
17
Suppose j - 6*j - 150 = 0. Let o be (-416)/(-11) + j/(-165). Calculate the highest common factor of o and 19.
19
Suppose 0*r - r = -5*r. Suppose r = -5*a - 19 + 64. Calculate the highest common divisor of a and 9.
9
Let i = -14 + 17. Suppose -n + 5*a = -32, 8*n + 5*a = 4*n + i. What is the greatest common factor of n and 1?
1
Suppose -2*j - 3*u + 5 = -0*u, -3*j + 2*u = -27. Let c(b) = -j*b + 10*b + 13*b + 6*b. Let y be c(3). What is the highest common divisor of 6 and y?
6
Let z = 90 - -30. Calculate the highest common factor of 40 and z.
40
Suppose -d + 4*z = -9, -3*d - 2*z = -10 - 17. Calculate the highest common factor of d and 261.
9
Suppose 0 = -4*f + 12787 + 10193. Calculate the highest common divisor of 15 and f.
15
Let r(n) = 4*n**2 - 27*n - 246. Let l be r(-11). Calculate the greatest common divisor of 10 and l.
5
Let h be 0/(2 + -1 + -5). Suppose 8*p - 2 - 22 = h. What is the highest common divisor of 3 and p?
3
Let x = 1 - -13. Suppose -16 = -5*y - h, -3*h = y - 0*y - 6. Suppose -30 = -b - y*f, f + 130 = 3*b - 0*f. Calculate the highest common factor of b and x.
14
Suppose 2102*f + 896 = 2103*f. What is the highest common factor of 16 and f?
16
Suppose 0 = -5*q + 3*r - 49, 0 = 2*q - 6*q + 4*r - 44. Let y be q/(-3)*(-504)/(-96). Calculate the greatest common divisor of y and 224.
14
Suppose -5*o - 12 = -52. Let k = 13 - o. Suppose -2*r - 1 = g - 4, -k*g - 3 = 4*r. What is the highest common factor of 6 and r?
3
Suppose -4*j + 4*o = -1438 - 3082, -5*j = -4*o - 5645. What is the highest common factor of j and 9?
9
Suppose -6*k = -2*k - 540. Let w = -1285 + 1312. Calculate the greatest common divisor of k and w.
27
Suppose 3*s - 1 = -4. Let b be (s/2)/((-3)/234). Let f be (-2)/(-8) - 1224/(-96). What is the greatest common divisor of b and f?
13
Suppose -20*q = -233 - 3967. What is the highest common factor of q and 30?
30
Let b be -1*(1 + 0) - -3. Suppose 2*t = -t + 18. Suppose 0 = 5*i - j - 180, -b*i - 2*j - 144 = -t*i. What is the greatest common divisor of i and 36?
36
Suppose -5*f + 49 = -11. Suppose -78 = -f*q - q. What is the highest common divisor of 3 and q?
3
Suppose 2*j + 5*h - 1127 = 0, -1087 = -4*j + 2*j + 3*h. What is the highest common divisor of j and 29?
29
Suppose -5*p + 16 = -4. Suppose -r = p*r - 25. Suppose -2*h + 17 + 42 = -3*a, -h - r*a + 10 = 0. Calculate the greatest common factor of h and 5.
5
Let u(n) be the first derivative of n**3/3 - 4*n - 9. Let p be u(3). Suppose 4*k = 12, -k - 17 + p = -z. Calculate the highest common factor of z and 135.
15
Let l(b) be the first derivative of -b**3/3 + 3*b**2 - 5*b - 6. Let p be l(3). Suppose -p*q + 568 + 356 = 0. Calculate the greatest common divisor of 33 and q.
33
Let j(k) = 2*k**2 + 5*k - 6. Let g be j(2). Calculate the greatest common divisor of 8 and g.
4
Suppose -i - 36 = -7*i. What is the highest common divisor of i and 66?
6
Let u be 449/14 + 74/(-1036). Calculate the greatest common divisor of 124 and u.
4
Let t = 620 + -509. Calculate the greatest common factor of t and 111.
111
Suppose 63 - 225 = -9*z. What is the greatest common factor of 3150 and z?
18
Let o be 36/10 - ((-48)/20 + 3). Calculate the highest common factor of o and 4.
1
Let g(v) = -2*v + 91. Let b be g(-12). Calculate the greatest common factor of b and 92.
23
Let o = -382 - -529. Calculate the highest common factor of o and 196.
49
Let u(o) = -21*o + 35. Let x(s) = 7*s - 12. Let m(d) = -5*u(d) - 14*x(d). Let i be m(7). Calculate the greatest common divisor of 21 and i.
21
Let b(p) = -4*p + 1. Let j = -1 + -28. Let f = 18 + j. Let k be b(f). Calculate the greatest common factor of 15 and k.
15
Let m = -851 - -881. Calculate the highest common divisor of 282 and m.
6
Let x = 191 - 183. Calculate the highest common divisor of x and 328.
8
Let d be (16/(-5) + 4)/(6/45). What is the highest common factor of d and 66?
6
Let m be (1 - 0)*6*2. Let u be 27/(-6)*2/(-3). Suppose -5*t - u*d + 126 = 0, -21 = -3*t + 5*d + 41. What is the highest common divisor of m and t?
12
Suppose 0 = -4*i - 4*i + 48. Suppose -2*n - i + 10 = u, -5*n - 42 = -4*u. Calculate the highest common factor of u and 1.
1
Suppose 53*v - 44*v - 432 = 0. What is the greatest common factor of v and 1152?
48
Suppose -43 = -3*k + 5*x, -x = 4*k - 20 + 1. Let p be -4 - k/(-2) - -11. Calculate the highest common divisor of p and 20.
10
Let t be -60*4/12*(-54)/30. Calculate the greatest common divisor of t and 684.
36
Let m(q) be the first derivative of -3*q**4/4 + 2*q**3/3 + 3*q - 2. Let v be m(-2). Suppose 3*x = -4*x + v. Calculate the greatest common divisor of 45 and x.
5
Let a be 2/(6/(-26)*34/(-51)). Calculate the greatest common divisor of a and 130.
13
Let b = -2439 + 2479. Calculate the greatest common factor of 1860 and b.
20
Let y be (3 - 0)*3/9. Let p(w) = w**3 + 5*w**2 + 6*w + 9. Let o be p(-4). What is the greatest common divisor of y and o?
1
Suppose 0 = -19*b + 23*b + 16. Let s be b/3*-3 + -2. Calculate the highest common divisor of 14 and s.
2
Suppose 2*x + 3*i = 15, -4*x + i - 5*i + 24 = 0. Suppose 0 - 15 = -x*t. Let z be 5/(10/8) - -1. Calculate the greatest common divisor of z and t.
5
Let r be ((-4)/5 - (-2)/(-10))*-348. Suppose 5*k = r + 177. Calculate the highest common divisor of 15 and k.
15
Suppose -4*l = -w - 4, 32 + 8 = 4*w - 2*l. Let n(c) = 2*c**2 - 7*c - 4. Let z be n(4). Suppose k - 3 = -z*k. Calculate the greatest common factor of k and w.
3
Let v be 15/(((-2)/15)/((-42)/27)). Suppose -a = -2 - 23. Calculate the greatest common divisor of a and v.
25
Let z(t) = -t + 13. Let l be z(5). Let i(d) = -d**3 + 9*d**2 + 2*d - 11. Let b be i(l). Calculate the highest common divisor of 23 and b.
23
Let z(p) = -33*p**2 + 1. Let s be z(1). Let m = s - -104. What is the greatest common factor of 24 and m?
24
Let x be (3/2)/(18/84). Let h = 31 - x. Calculate the greatest common divisor of h and 3.
3
Let d(b) = -3*b**3 - 87*b**2 - 97*b - 58. Let l be d(-28). Let g = 85 + -51. Calculate the greatest common factor of l and g.
34
Let k be 15 - 5 - (0/2)/3. Suppose 0*c + k = c. Let g be 3*(-3)/(9/(-2)). What is the highest common divisor of g and c?
2
Suppose b + 5 - 28 = 0. Let y = -651 - -673. Suppose 22*n = b*n - y. Calculate the greatest common factor of n and 11.
11
Let r = -258 + 349. What is the highest common divisor of r and 1001?
91
Let o